 digit of w?
0
Suppose -2*y + 120470 = 2*b, 5*b + 41 - 21 = 0. What is the thousands digit of y?
0
Let i be 5*(2 + -3)*-1. Suppose 0 = -i*u + t - 934, 3*t - 227 - 144 = 2*u. Let z = 33 - u. What is the hundreds digit of z?
2
What is the hundreds digit of -1*121*(591 + -672)?
8
Suppose -24*p = 50*p - 467014. What is the tens digit of p?
1
Let m(x) = 318*x + 1787. What is the hundreds digit of m(6)?
6
Let w = 177 + -257. Let v = 83 + w. Suppose v*b - 88 = b. What is the units digit of b?
4
Let l be 4 + -4 + (-3 - 2) + -3. What is the tens digit of 1070/l*492/(-41)?
0
Let h = -6639 - -7569. What is the tens digit of h?
3
Let o = -18 - -19. Suppose -o = -4*g - 5. What is the units digit of 72 - g*(-3 - -7)?
6
What is the tens digit of ((-34001)/44 + 0 + (-1 - 3))*-4?
0
Suppose x = 3*i + 3*x - 45178, 5*i + 4*x = 75300. What is the ten thousands digit of i?
1
Let s(a) be the first derivative of 622*a**3/3 - 2*a**2 + 3*a + 22. What is the tens digit of s(1)?
2
Let g = -800 + 276. Let f = g + 896. What is the hundreds digit of f?
3
What is the hundreds digit of ((-156)/(-208))/((-1)/(-8628))?
4
Suppose -2*l = -5*l - 5*r + 18743, -18753 = -3*l - 3*r. Suppose -l = 40*y - 31456. What is the units digit of y?
0
Let q(p) = 4*p**2 - 3*p - 3. Let s be q(-1). Suppose -s*d = 8*d - 3444. What is the hundreds digit of d?
2
Let z(j) = -15186*j + 3235. What is the tens digit of z(-2)?
0
Let b(z) be the second derivative of -17*z**3/2 - 93*z**2 - 64*z - 2. What is the units digit of b(-26)?
0
Suppose 246 - 11 = -d. Let x = 384 - d. What is the units digit of x?
9
Suppose 328 + 34 = 2*w. Suppose -151 - w = -2*u + 4*p, -3*u - p + 526 = 0. What is the hundreds digit of u?
1
Suppose 9 = f - 3*s - 0*s, -4*s - 12 = -3*f. Suppose 4*y + 38 - 762 = f. What is the units digit of y?
1
Let g(z) = z**2 + 6*z + 43. Let a = -115 - -94. What is the tens digit of g(a)?
5
Let b be (-50)/(-15) - 2/(-3). Suppose 0*u = -b*u - 112. Let o = -4 - u. What is the units digit of o?
4
Let i(h) = -6*h - 46. Let v be i(-7). What is the units digit of 67 + 7 - (-12)/v*1?
1
Suppose 13932 = 29*b + 476. Let i = b + -442. What is the units digit of i?
2
Let r(i) = -3002 - i - 3*i**2 + 4*i**2 + 3408 + i**3. What is the tens digit of r(0)?
0
Suppose 5*d = -5*a + 45, 10*d - 3*a = 8*d - 2. Let x(r) = -18*r**3 + 1. Let o be x(-1). Let u = o + d. What is the units digit of u?
4
What is the units digit of (-2123605)/(-80) - 39/624?
5
Let r be (-4 - (-5 - 1)) + 42. What is the hundreds digit of ((-228)/15)/(r/(-770))?
2
Let i = 14 + -10. Suppose 0 = 3*u - 5*z - 54, 3*z = -i*u + 19 + 53. Suppose -a + u = -1. What is the tens digit of a?
1
Suppose -17*j - 2094591 + 398663 = -63*j. What is the units digit of j?
8
Suppose 5*v - 3*t - 27533 = 0, 14*v + 4*t - 16485 = 11*v. What is the units digit of v?
3
Let m(z) = -z - 1. Let x(a) = a + 2. Let o(n) = -5*m(n) + x(n). Let y(p) = -p**3 + 2*p**2 + 14*p - 1. Let b be y(4). What is the hundreds digit of o(b)?
1
Let s = -10 + 15. Let k = 456 - 444. Suppose -s*y = -k*y + 714. What is the units digit of y?
2
Suppose 73067 = -22*y + 257339. What is the units digit of y?
6
Suppose 3*v - 276 = v. Let k = v - 15. Let d = k + -67. What is the units digit of d?
6
Suppose 214*m - 13734 = 210*m + c, -3*c = -6. What is the tens digit of m?
3
Let j(z) be the second derivative of 4*z**3/3 + 47*z**2/2 - 36*z. Let b be j(-6). What is the units digit of (b - (-10)/15)/(1/(-15))?
5
Suppose -4*l + s = 192, 84 = -2*l - 3*s - 12. What is the units digit of ((-33)/(-6))/((-4)/l)?
6
Suppose -360*j + 1062540 = -315*j. What is the units digit of j?
2
Suppose 0 = -2*u + 5*l + 17489 + 24853, u - 3*l - 21170 = 0. What is the thousands digit of u?
1
What is the thousands digit of (-4 - 10) + 18120/2?
9
Let v = 2830 + 34404. What is the thousands digit of v?
7
Suppose 0 = 61*y - 171222 - 1131799. What is the thousands digit of y?
1
Let s(i) = 77*i**2 + 3*i - 13. Let q be s(7). Suppose 3*r + 16 = 4, -r + q = 5*z. What is the units digit of z?
7
Let u(a) = 100*a - 3. Let n be u(3). Suppose -214 = t + j, 2*t + 131 = 5*j - n. What is the tens digit of 9/(-24) + t/(-16)?
1
Let n(t) = 5*t**2 + 41*t - 16. Let b(z) = z**3 - 8*z**2 - 8*z - 20. Let q be b(9). What is the hundreds digit of n(q)?
1
Suppose 4*w - 16218 = 5*b + 2339, 5*w + b = 23189. What is the hundreds digit of w?
6
Suppose z + 35522 = 4*z - 40864. What is the thousands digit of z?
5
Let a be (-2)/9 - 11824/(-72). Suppose -15*s + 19*s = -a. What is the tens digit of (-5 - s) + (-6)/3?
3
Let q(m) = -m - 8. Let i be q(-11). Suppose 3*u - 357 = -2*p + 248, -i*p = u - 890. What is the hundreds digit of p?
2
Suppose 0 = -54*k - 176336 + 787994. What is the units digit of k?
7
What is the hundreds digit of -8 - (-11824)/6*27/9?
9
Let x be 0 + 1 + 0 + 504. Let j = x - 202. What is the hundreds digit of j?
3
Suppose 1080 = 4*b + 108. Suppose 0 = -4*p + 25*p - 10*p - 187. Suppose -v - p = -b. What is the hundreds digit of v?
2
Suppose 0 = -2299*i + 2186*i + 3607525. What is the thousands digit of i?
1
Suppose 3*y = -y - 232. Let k = 58 + y. Suppose 8*o - 946 + 122 = k. What is the hundreds digit of o?
1
Let l be -2 - (0 + 0 - 2). Suppose l = w + 41 - 131. Suppose 0 = -3*c + 8*c - w. What is the tens digit of c?
1
Suppose -3*i + 71027 = -2*s, 21*i - 2*s + 23681 = 22*i. What is the tens digit of i?
7
Let a(s) be the second derivative of s**4/12 + 2*s**3 + 12*s**2 + 5*s + 2. Suppose -55 = -5*j - 140. What is the units digit of a(j)?
9
Suppose 81221 - 4067 = 11*o. What is the units digit of o?
4
Let t(d) = -d + 14. Let f be t(12). Suppose 5*z = q + 2965, z - 290 = f*q + 312. What is the hundreds digit of z?
5
Let l = -9487 - -13502. What is the units digit of l?
5
Suppose -425*l - 4042800 = -497*l. What is the hundreds digit of l?
1
Let s(k) = -k + 31. Let m be s(28). Suppose 0 = -3*b + 2*w + 2432, -3*b - m*w = -1633 - 779. What is the tens digit of b?
0
Let i be ((-3 - -3)*1)/(-1). Let b be (-1)/(-4)*i/(-5). Suppose 5*m - 3*m - 134 = b. What is the tens digit of m?
6
Let d = -76 - -124. Suppose 8*l - 6*l + d = 4*y, -4 = l. What is the tens digit of y?
1
Suppose 2410087 - 9635027 = -190*p. What is the ten thousands digit of p?
3
Let n(v) = 3*v**3 + 43*v - 2680. Let x(r) = -r**3 - 15*r + 893. Let h(g) = -3*n(g) - 8*x(g). What is the units digit of h(0)?
6
What is the hundreds digit of (-1080400)/(-26) - (0 + 16/(-104))?
5
Let p(f) = f**2 - f - 43. Let h be p(-6). What is the hundreds digit of h - 0 - (-1 - 409 - -7)?
4
Let f = -4964 + 17944. What is the hundreds digit of f?
9
What is the hundreds digit of 350664/58 + 144/2088?
0
Suppose -c = -6*c. Let m(l) = -l**3 - 9*l**2 - 13*l + 10. Let i be m(-7). Suppose 0*k = -a + 4*k - 10, c = -i*k + 15. What is the tens digit of a?
1
Let f(g) = g + 6. Let y be f(-1). Suppose 0*c + 50 = y*d - 3*c, c = 4*d - 47. What is the units digit of d?
3
Let x(d) = 4*d + 13. Let l(v) = -8*v - 3. Let k = 59 + -61. Let h be l(k). What is the units digit of x(h)?
5
Let g = -32883 + 41950. What is the units digit of g?
7
Let z = -39 + -172. Suppose 7*r - 46 = 4*o - 212, 112 = 3*o + r. Let m = o - z. What is the units digit of m?
9
What is the thousands digit of (-277008)/(-30) + 13 + 3/((-30)/(-4))?
9
Let t(q) = q**2 - 4*q + 10. Let f be t(9). Suppose -51*x + f*x = 832. What is the hundreds digit of x?
2
Let p(d) = 30*d**2 + 169*d - 3672. What is the hundreds digit of p(21)?
1
Suppose -1535*v + 1539*v = q + 100978, -5*q = -3*v + 75742. What is the ten thousands digit of v?
2
Suppose 0 = 3*x + 32 - 14, -3*o - 2*x + 96732 = 0. What is the tens digit of o?
4
Let j(k) = 5*k + 57. Let b be j(-14). Let a = b - -123. What is the units digit of a?
0
Let c(k) = -1730*k**3 + 5*k**2 + k - 5. What is the units digit of c(-2)?
3
Let v = 496 + -498. What is the tens digit of (v - -1)*(-1749)/(-9)*-3?
8
Let r(f) = -6*f**3 + 10*f**2 + 16*f - 5. Let j be r(-4). Suppose l = 934 + j. What is the hundreds digit of l?
4
Let d = -257 + 152. What is the units digit of 3825/d*(-8 - -1)?
5
Suppose -3*g + 2612 = 32. Let w = g + -614. What is the hundreds digit of w?
2
Suppose 80 = 9*w - w. Suppose w*k + 12 = 14*k. Suppose i + 5*n - 130 = -k*i, 5*n = i - 45. What is the units digit of i?
5
Let c = 21518 - 10507. What is the units digit of c?
1
Let j = -